factor of d and 2760?
3
Suppose -5 + 13 = 2*n. Suppose 4*u - n*t - 424 = 0, 3*t + 84 - 646 = -5*u. Calculate the highest common divisor of u and 50.
10
Let m(a) = 940*a**2 - 74*a - 1. Let w be m(2). What is the highest common divisor of w and 314?
157
Let d(c) = -11*c**2 - 60*c + 41. Let q be d(-6). Calculate the greatest common factor of q and 8405.
5
Let f = -2360 + 3487. What is the greatest common divisor of f and 69?
23
Let j = -37121 + 37277. Calculate the greatest common factor of j and 6110.
26
Let c be (-4)/(-10) - (-5376)/60. Let t be 610/c - 4/(-18). What is the greatest common divisor of t and 1?
1
Suppose -5*w = -2*l + 121, 3*l + 4*w = -1487 + 1611. What is the greatest common divisor of 456 and l?
24
Let w = 135 + -131. Suppose -v + 3*u + 58 = w*u, -250 = -5*v + 5*u. Calculate the greatest common divisor of 2 and v.
2
Let o = 35 - 25. Let s(m) = -m**3 + 26*m**2 + 22*m - 37. Let j be s(27). Let z = 182 + j. Calculate the highest common factor of o and z.
10
Suppose 10*z + 81 = 5*r + 11*z, -r = 5*z + 3. Suppose 0 = 5*h - 8*h + 66. Let v = h + r. Calculate the greatest common factor of 52 and v.
13
Let t = 11683 - 11619. What is the highest common divisor of t and 70?
2
Let t(c) = -c**2 + 9*c + 16. Let x be t(14). Let p = 48 + x. Let q be 6*p/(-4) + 3 + -2. What is the highest common divisor of 130 and q?
10
Suppose 3*g - z - 1 = 27, -5*z - 60 = -5*g. Suppose 112 = g*y - 96. Suppose 2*d - y = 32. What is the greatest common divisor of d and 116?
29
Suppose -30*w - 15 = -15. Suppose w*v - 652 = -5*h - 4*v, -v = -4*h + 509. Calculate the highest common factor of h and 16.
16
Let f = 507 + -237. Suppose -f + 693 = 9*s. Calculate the greatest common factor of s and 235.
47
Let c = -5207 - -2654. Let w be c/(-12) - (-6)/24. Suppose -w = -3*u + 273. What is the highest common factor of u and 18?
18
Suppose -597*h + 60*h = -142842. What is the highest common factor of h and 721?
7
Let a = -209987 - -210163. Suppose w = -4*t + 76, 3*t + 2*t = 5*w - 505. Calculate the greatest common divisor of a and w.
16
Let k = -12760 - -13588. What is the highest common divisor of k and 27?
9
Let n(p) = p**2 + 12*p - 14. Let f be n(-14). Let w(j) = j**3 - 13*j**2 - 2*j - 44. Let q be w(f). Calculate the greatest common divisor of q and 93.
31
Let f = 452 - 426. Suppose 4*h - f = 58. What is the highest common divisor of 357 and h?
21
Let z(g) = -32*g**2 - 482*g + 18. Let v be z(-15). Calculate the highest common factor of v and 324.
12
Let b = 57253 - 103585. Let h be ((b/(-3))/4)/1. Let a be h/52 - 3/(-4). What is the greatest common divisor of a and 15?
15
Let y be (-2)/6*(-59)/(1652/23184). Calculate the highest common divisor of 384 and y.
12
Suppose -2*i + 114 = 146. Let m = 19 + i. Suppose m*w - 25 = -2*w, 3*g = 4*w + 124. What is the greatest common divisor of 16 and g?
16
Let g be 6/9 - 395/3. Let c = g + 173. What is the highest common divisor of 105 and c?
21
Suppose -1193 = -5*s + 6*y + 2*y, -5*s = -5*y - 1205. Calculate the highest common factor of s and 1029.
49
Let c(m) = -m**2 + 9*m + 66. Let f be c(0). Let p = 13 - -20. What is the highest common factor of p and f?
33
Let b(k) = 10*k - 340. Let l be b(30). Let j be l/(0 - 5/75). Calculate the highest common divisor of j and 24.
24
Let g(t) = 8*t**2 - 42*t - 13. Let l be g(9). Suppose 252*n = l*n - 1610. What is the greatest common divisor of 14 and n?
14
Let l be 6/(((-1)/9)/(10/(-45))). Let x be (-2)/(l/(-297)) + (-9)/18. What is the highest common factor of x and 112?
7
Let p(n) = 96*n**3 - 2*n**2 - 3*n + 2. Let a be p(2). What is the highest common factor of 864 and a?
108
Let o be (-476)/(-8)*(-24)/14. Let j = 118 + o. What is the highest common factor of j and 2?
2
Suppose -14*r - r = -60. Suppose -u - 855 = -r*u. Calculate the highest common divisor of u and 19.
19
Suppose 0 = 6*r - 3*r + k - 20107, -3*r + 2*k = -20086. Calculate the greatest common divisor of 150 and r.
50
Let l = -3496 + 3562. What is the highest common factor of l and 186?
6
Suppose 0*n = -5*f - 5*n + 85, n = -3*f + 57. Suppose -f*v - 2100 = -35*v. What is the highest common factor of 56 and v?
28
Let u(g) = 59*g**2 + 8*g - 7. Let z be u(2). Suppose -343*k - z = -350*k. What is the greatest common divisor of 1015 and k?
35
Let b(k) = 4*k**3 + 4*k**2 + 9. Let o be b(-4). Let z = 185 + o. Calculate the greatest common factor of z and 7.
1
Suppose 3*q + 4*l - 127 = 0, -2*q + 0*l = -2*l - 80. Let y = 45 - q. Suppose 5*h = -5*o + y*h + 362, h = -o + 74. What is the highest common factor of 8 and o?
8
Let f be 4 + -3 + 0 + 2. Suppose f*d - 106 = 59. Suppose 5*b + 20 = 5*j, -2*b - 78 + 55 = -5*j. What is the greatest common divisor of j and d?
5
Let h(z) be the third derivative of 3*z**4/8 - z**3 - 13*z**2. Suppose 0 = c - 1 - 2. Let u be h(c). Calculate the highest common factor of u and 21.
21
Let x(v) = 11*v + 12. Let b be x(14). Suppose 0 = 2*f - 0*p + 4*p - b, f - 3*p = 93. Let g = f + -76. What is the greatest common factor of 143 and g?
11
Let c(x) = -x**2 - 18*x - 58. Let l be c(-5). Suppose -3*q = 2*u - 306, 6*q + 102 = l*q + 5*u. Calculate the highest common factor of 459 and q.
51
Let w be ((-2)/(-2 + (4 - 1)))/1. Let v be (36/15)/((-6 - w)/(-1640)). Suppose -8*g - 304 = -v. What is the highest common factor of g and 34?
17
Let o = 2755 - 1164. Calculate the highest common factor of 148 and o.
37
Let b(c) = -7*c**3 - 11*c**2 + 4*c - 7. Let s(v) = -2*v**3 - v - 1. Let p(f) = -b(f) + 3*s(f). Let r be p(4). Calculate the greatest common factor of r and 27.
27
Let w(i) = -16*i + 55. Let f be w(-18). Let q = -333 + f. What is the greatest common factor of 70 and q?
10
Suppose 2*i = -2*b + 316 - 22, -5*i = -5*b - 735. Let g = i + -12. Calculate the highest common factor of 45 and g.
45
Suppose -j = -5*g, -2*j + 2*g - 16 = -0*j. Let y(u) = -u + 40. Let o be y(j). Calculate the greatest common divisor of o and 350.
50
Let n = -141 + 156. Suppose 0 = -4*b + n + 53. What is the highest common divisor of b and 187?
17
Suppose 4*o = 4*v - 58780, 223*o - 29365 = -2*v + 220*o. What is the greatest common factor of v and 260?
130
Let m = 11111 - 7800. Calculate the highest common divisor of 172 and m.
43
Let a(n) = -3*n - 2. Let b be a(-6). Let q be 0/(-1) + (b - 4). Let k be (55/(-55))/(1 + (-49)/48). What is the greatest common divisor of q and k?
12
Suppose -t + 5*s = -408, 1536 = 4*t + 2*s + 2*s. Suppose -4*f - 4*l = -0*l, -2*l = -5*f + 28. What is the greatest common divisor of f and t?
4
Let h = 29 - 89. Let a = h - -140. Suppose 6*q = 2*m - 92, 3*m - 698*q + 699*q - 38 = 0. Calculate the greatest common factor of a and m.
16
Let r(y) = -4*y**2 + 8*y + 75. Let t be r(3). What is the greatest common divisor of 9513 and t?
63
Suppose 17*i - 102 = -19*i - 30. Suppose 6 = -3*g + 5*g. Suppose 0*v = -5*v - g*r + 50, 0 = -2*v + 3*r - 1. Calculate the greatest common divisor of v and i.
1
Let f = 78 - -3. Let p(d) be the third derivative of d**4/6 + 149*d**3/6 + 3*d**2 + 18*d. Let j be p(-35). Calculate the greatest common factor of f and j.
9
Let y be (897 - (-224)/(-16)) + 7 + 0. Calculate the greatest common factor of y and 70.
10
Let h = 27 + -19. Suppose -3*p + 50 = -h*p. Let c be ((-8)/p)/((-2)/(-10)). Calculate the highest common divisor of c and 12.
4
Suppose 0*h - 5427 = -3*h - m, h - 1809 = 8*m. Calculate the greatest common factor of 1407 and h.
201
Let d = -15610 - -16171. What is the greatest common divisor of 867 and d?
51
Let t(q) = -192*q**3 + q**2 - 1. Let d be (-5 - 42/(-9))*3. Let u be t(d). Calculate the highest common divisor of 64 and u.
64
Suppose 7*n + 398 = 10*n + 5*l, -4*n + 2*l + 496 = 0. Calculate the highest common factor of 3822 and n.
42
Suppose 351 = 63*u - 909. What is the greatest common divisor of 635 and u?
5
Suppose -3 = 16*h - 17*h, z + 2*h = 30. Suppose 0 = 4*a + 5*y - 107, 0 = 2*y - 7*y - 5. Calculate the greatest common divisor of z and a.
4
Suppose o + 3*w - 2 = 0, 4*o + 1 - 9 = 4*w. Suppose o*f - 366 = -2*b, -3*f + 2*b - b + 557 = 0. What is the highest common factor of 5 and f?
5
Let o(q) = -11*q**3 - 129*q**2 + 18*q + 120. Let i be o(-12). Let v be 65/2 + (-1)/2. What is the greatest common factor of v and i?
16
Suppose 7*z - 5*z - 5280 = 0. Suppose -6*x - 6*x = -z. Suppose 0 